, 29, 313
What are the prime factors of 894?
2, 3, 149
What are the prime factors of 5725?
5, 229
List the prime factors of 7153.
23, 311
What are the prime factors of 33818?
2, 37, 457
What are the prime factors of 7297?
7297
List the prime factors of 538.
2, 269
What are the prime factors of 3958?
2, 1979
What are the prime factors of 12674?
2, 6337
What are the prime factors of 835?
5, 167
List the prime factors of 4744.
2, 593
List the prime factors of 939.
3, 313
List the prime factors of 144886.
2, 7, 79, 131
List the prime factors of 23866.
2, 11933
What are the prime factors of 12016?
2, 751
List the prime factors of 4144.
2, 7, 37
What are the prime factors of 37478?
2, 7, 2677
List the prime factors of 1765.
5, 353
What are the prime factors of 430?
2, 5, 43
List the prime factors of 30805.
5, 61, 101
List the prime factors of 342.
2, 3, 19
What are the prime factors of 13925?
5, 557
List the prime factors of 134923.
134923
What are the prime factors of 1047?
3, 349
List the prime factors of 6096.
2, 3, 127
What are the prime factors of 66585?
3, 5, 23, 193
What are the prime factors of 2215?
5, 443
What are the prime factors of 38114?
2, 17, 19, 59
List the prime factors of 434.
2, 7, 31
List the prime factors of 1014.
2, 3, 13
What are the prime factors of 1767?
3, 19, 31
List the prime factors of 13350.
2, 3, 5, 89
List the prime factors of 1769.
29, 61
List the prime factors of 1292.
2, 17, 19
List the prime factors of 33274.
2, 127, 131
List the prime factors of 1952.
2, 61
What are the prime factors of 1690?
2, 5, 13
List the prime factors of 13588.
2, 43, 79
List the prime factors of 165.
3, 5, 11
What are the prime factors of 43354?
2, 53, 409
What are the prime factors of 545?
5, 109
What are the prime factors of 40889?
31, 1319
List the prime factors of 16994.
2, 29, 293
What are the prime factors of 1348?
2, 337
What are the prime factors of 5801?
5801
List the prime factors of 2599.
23, 113
List the prime factors of 9873.
3, 1097
List the prime factors of 41921.
11, 37, 103
What are the prime factors of 11590?
2, 5, 19, 61
What are the prime factors of 7028?
2, 7, 251
What are the prime factors of 3394?
2, 1697
List the prime factors of 89.
89
What are the prime factors of 407?
11, 37
List the prime factors of 9452.
2, 17, 139
List the prime factors of 31752.
2, 3, 7
List the prime factors of 32468.
2, 8117
What are the prime factors of 2854?
2, 1427
List the prime factors of 176.
2, 11
List the prime factors of 1790.
2, 5, 179
What are the prime factors of 35749?
7, 5107
List the prime factors of 2114.
2, 7, 151
What are the prime factors of 4007?
4007
List the prime factors of 3765.
3, 5, 251
What are the prime factors of 320?
2, 5
List the prime factors of 36162.
2, 3, 7, 41
What are the prime factors of 1834?
2, 7, 131
What are the prime factors of 3464?
2, 433
List the prime factors of 5845.
5, 7, 167
List the prime factors of 1644.
2, 3, 137
List the prime factors of 4222.
2, 2111
What are the prime factors of 171999?
3, 29, 659
List the prime factors of 711.
3, 79
What are the prime factors of 1598?
2, 17, 47
What are the prime factors of 21751?
21751
List the prime factors of 6701.
6701
What are the prime factors of 15569?
15569
What are the prime factors of 13675?
5, 547
What are the prime factors of 124999?
7, 2551
List the prime factors of 1891.
31, 61
List the prime factors of 2581.
29, 89
What are the prime factors of 8464?
2, 23
List the prime factors of 1029.
3, 7
What are the prime factors of 20728?
2, 2591
List the prime factors of 3846.
2, 3, 641
List the prime factors of 300.
2, 3, 5
What are the prime factors of 12734?
2, 6367
What are the prime factors of 5655?
3, 5, 13, 29
List the prime factors of 2969.
2969
List the prime factors of 45252.
2, 3, 419
What are the prime factors of 1346?
2, 673
List the prime factors of 5434.
2, 11, 13, 19
List the prime factors of 5033.
7, 719
List the prime factors of 29970.
2, 3, 5, 37
List the prime factors of 11626.
2, 5813
List the prime factors of 28243.
61, 463
List the prime factors of 8075.
5, 17, 19
What are the prime factors of 6569?
6569
List the prime factors of 12564.
2, 3, 349
List the prime factors of 2320.
2, 5, 29
What are the prime factors of 17317?
17317
What are the prime factors of 3566?
2, 1783
What are the prime factors of 7309?
7309
What are the prime factors of 26807?
11, 2437
What are the prime factors of 5148?
2, 3, 11, 13
List the prime factors of 2783.
11, 23
List the prime factors of 311.
311
What are the prime factors of 56434?
2, 7, 29, 139
What are the prime factors of 24266?
2, 11, 1103
List the prime factors of 191102.
2, 19, 47, 107
List the prime factors of 7725.
3, 5, 103
List the prime factors of 4272.
2, 3, 89
What are the prime factors of 27613?
53, 521
What are the prime factors of 2427?
3, 809
What are the prime factors of 50835?
3, 5, 3389
List the prime factors of 60229.
13, 41, 113
List the prime factors of 12964.
2, 7, 463
List the prime factors of 139866.
2, 3, 23311
List the prime factors of 9956.
2, 19, 131
List the prime factors of 7643.
7643
What are the prime factors of 99403?
107, 929
List the prime factors of 45573.
3, 11, 1381
List the prime factors of 763.
7, 109
List the prime factors of 6354.
2, 3, 353
What are the prime factors of 4506?
2, 3, 751
What are the prime factors of 11875?
5, 19
What are the prime factors of 1532?
2, 383
List the prime factors of 8975.
5, 359
What are the prime factors of 1793?
11, 163
List the prime factors of 6456.
2, 3, 269
List the prime factors of 4038.
2, 3, 673
What are the prime factors of 2097?
3, 233
What are the prime factors of 2964?
2, 3, 13, 19
List the prime factors of 2261.
7, 17, 19
What are the prime factors of 4983?
3, 11, 151
List the prime factors of 8662.
2, 61, 71
List the prime factors of 160.
2, 5
What are the prime factors of 9747?
3, 19
What are the prime factors of 86?
2, 43
What are the prime factors of 926?
2, 463
List the prime factors of 303.
3, 101
What are the prime factors of 4?
2
What are the prime factors of 63628?
2, 15907
List the prime factors of 15086.
2, 19, 397
What are the prime factors of 274?
2, 137
List the prime factors of 3274.
2, 1637
What are the prime factors of 24591?
3, 7, 1171
List the prime factors of 24273.
3, 29, 31
What are the prime factors of 806?
2, 13, 31
List the prime factors of 11129.
31, 359
What are the prime factors of 173717?
19, 41, 223
List the prime factors of 996.
2, 3, 83
What are the prime factors of 15545?
5, 3109
List the prime factors of 33640.
2, 5, 29
What are the prime factors of 4448?
2, 139
List the prime factors of 24174.
2, 3, 17, 79
What are the prime factors of 130238?
2, 65119
List the prime factors of 31261.
43, 727
List the prime factors of 29575.
5, 7, 13
List the prime factors of 7799.
11, 709
What are the prime factors of 19148?
2, 4787
List the prime factors of 1365.
3, 5, 7, 13
List the prime factors of 20427.
3, 11, 619
What are the prime factors of 7255?
5, 1451
What are the prime factors of 5111?
19, 269
List the prime factors of 3808.
2, 7, 17
What are the prime factors of 2788?
2, 17, 41
List the prime factors of 36976.
2, 2311
List the prime factors of 3907.
3907
What are the prime factors of 1948?
2, 487
List the prime factors of 71679.
3, 23893
What are the prime factors of 3493?
7, 499
What are the prime factors of 4963?
7, 709
List the prime factors of 112695.
3, 5, 11, 683
List the prime factors of 7501.
13, 577
What are the prime factors of 693?
3, 7, 11
List the prime factors of 2054.
2, 13, 79
What are the prime factors of 5718?
2, 3, 953
List the prime factors of 2525.
5, 101
List the prime factors of 1150.
2, 5, 23
What are the prime factors of 2507?
23, 109
What are the prime factors of 1026?
2, 3, 19
What are the prime factors of 1205?
5, 241
What are the prime factors of 16283?
19, 857
List the prime factors of 5865.
3, 5, 17, 23
List the prime factors of 2791.
2791
List the prime factors of 1024.
2
List the prime factors of 338.
2, 13
List the prime factors of 8756.
2, 11, 199
List the prime factors of 13965.
3, 5, 7, 19
What are the prime factors of 804?
2, 3, 67
List the prime factors of 13928.
2, 1741
List the prime factors of 3440.
2, 5, 43
List the prime fa